20
In base 4, what is -23332023013 - 0?
-23332023013
In base 11, what is 97 - -498?
584
In base 11, what is -3 + 1154?
1151
In base 7, what is -3 + -541554?
-541560
In base 12, what is 0 + -1286?
-1286
In base 14, what is -4 - 6299?
-629d
In base 12, what is 28b453 + -1?
28b452
In base 11, what is -a21 - -22?
-9aa
In base 9, what is 1 + -264424?
-264423
In base 11, what is -31 - 440?
-471
In base 12, what is 4 - 5b5b?
-5b57
In base 2, what is -101 + 11000101?
11000000
In base 11, what is 36 + -3255?
-321a
In base 2, what is -1100100 + 1011110?
-110
In base 8, what is 10030 - 51?
7757
In base 8, what is 363 - -616?
1201
In base 16, what is 0 + -e516?
-e516
In base 10, what is -10 - 1419?
-1429
In base 9, what is -112 + 575?
463
In base 8, what is 4 - 7375?
-7371
In base 7, what is 134452 + 1?
134453
In base 10, what is 0 + 578803?
578803
In base 16, what is -3 + 1598?
1595
In base 9, what is -26 - -12858?
12832
In base 15, what is 320c + 4?
3211
In base 13, what is 19 - 83b?
-822
In base 12, what is 4 + 21384?
21388
In base 10, what is -8132 + -89?
-8221
In base 10, what is 6484 + 25?
6509
In base 12, what is -5a - 20ab?
-2149
In base 8, what is -14201 + 30?
-14151
In base 6, what is 200 - 535?
-335
In base 5, what is -3033233413 - 0?
-3033233413
In base 5, what is 1203 - -141222?
142430
In base 4, what is -23 + -1203023?
-1203112
In base 3, what is 212010110 - -11?
212010121
In base 9, what is -117 - -253?
135
In base 16, what is 28 + -9b46?
-9b1e
In base 6, what is 10005 + 43?
10052
In base 14, what is 7 + -993?
-98a
In base 10, what is -480 - 13?
-493
In base 12, what is 7b66 + 86?
8030
In base 7, what is -3 + -200656?
-200662
In base 10, what is -4 - -26560?
26556
In base 11, what is -44 + 489?
445
In base 11, what is 10 - 1898?
-1888
In base 15, what is 2a7 - -11?
2b8
In base 12, what is 14 - -3a765?
3a779
In base 10, what is -20651 - 91?
-20742
In base 3, what is -2 + -102202001122?
-102202001201
In base 8, what is -3711 - 643?
-4554
In base 9, what is -6242 + -211?
-6453
In base 5, what is -1022242 - -3?
-1022234
In base 4, what is -1 + -10110010?
-10110011
In base 4, what is 20 + -1000130011?
-1000123331
In base 6, what is -33 - 253420?
-253453
In base 10, what is -4 - -15426?
15422
In base 12, what is 18 - 1728?
-1710
In base 11, what is -5 - -25569?
25564
In base 11, what is -29 - 2a80?
-2aa9
In base 11, what is 568 - 26?
542
In base 5, what is -14 - 241031?
-241100
In base 12, what is 135 + 80a1?
8216
In base 13, what is 2126 - a?
2119
In base 10, what is -136 + 3834?
3698
In base 13, what is -2 - -60387?
60385
In base 12, what is -16 + 169418?
169402
In base 6, what is 452 + -12355?
-11503
In base 12, what is 1a9 - -1a8?
395
In base 13, what is -7cc0b - -3?
-7cc08
In base 10, what is -3 - -93004?
93001
In base 10, what is 4 - 6404?
-6400
In base 6, what is 5 + -515240?
-515231
In base 15, what is 1a7 + 6db?
893
In base 7, what is 66 + 14443?
14542
In base 4, what is -122023 + -110?
-122133
In base 8, what is 5366 + -116?
5250
In base 2, what is -1000011001 - 11011010101?
-100011101110
In base 13, what is -1 + 37695?
37694
In base 3, what is -1221210011 - -2222?
-1221200012
In base 5, what is 4 - 124420?
-124411
In base 6, what is 404 - 22502?
-22054
In base 13, what is 225 - 3a00?
-37a8
In base 9, what is 320 + -3728?
-3408
In base 8, what is -214375 + 41?
-214334
In base 15, what is -48a + -1d?
-4a8
In base 16, what is -5 - 13fe0?
-13fe5
In base 5, what is 230333000 - -1?
230333001
In base 2, what is 111111 - -10011101001?
10100101000
In base 16, what is -3 + -11315e?
-113161
In base 13, what is 5 + -176275?
-176270
In base 7, what is -133052 + -65?
-133150
In base 2, what is 111 + 10100011111110?
10100100000101
In base 5, what is 10022403 + -33?
10022320
In base 5, what is -40 + -22000?
-22040
In base 3, what is 21 - 1110?
-1012
In base 9, what is -545800 - 25?
-545825
In base 12, what is -396576 - 3?
-396579
In base 9, what is 11 + -32543?
-32532
In base 9, what is 8821 - 4?
8816
In base 12, what is 0 + -6196b?
-6196b
In base 11, what is 5 - 26a54?
-26a4a
In base 7, what is -3 + 104636?
104633
In base 2, what is 1 + 10010111101100?
10010111101101
In base 10, what is 3323 - 15?
3308
In base 3, what is -110 + 220202201120?
220202201010
In base 11, what is 2a76 + 6?
2a81
In base 6, what is 1300233 + 2?
1300235
In base 14, what is -580 - 141?
-6c1
In base 6, what is 5 - -50402?
50411
In base 4, what is 12 + 110113332?
110120010
In base 3, what is -200012020 - -11?
-200012002
In base 3, what is 10 + 10200100021?
10200100101
In base 6, what is 1434 + -1131?
303
In base 11, what is -5 - -29675?
29670
In base 14, what is 4 - -a195?
a199
In base 15, what is 45 - -169?
1ae
In base 14, what is 10da + 43?
113d
In base 11, what is 1 - -1812?
1813
In base 10, what is -1307085 - -1?
-1307084
In base 3, what is -12 + 2001011200?
2001011111
In base 2, what is 1010001111011000010 + 101?
1010001111011000111
In base 3, what is 2 - -100020102220?
100020102222
In base 10, what is 4 - -1451514?
1451518
In base 2, what is 10 + -1110111011?
-1110111001
In base 4, what is 103321 - 20?
103301
In base 9, what is 37 + 137344?
137382
In base 9, what is -4 - 403888?
-404003
In base 12, what is 2 - -62a7?
62a9
In base 10, what is 370 - 213?
157
In base 6, what is -42 + 4541?
4455
In base 9, what is -10 + -203781?
-203801
In base 13, what is -21 + 140?
11c
In base 11, what is 5130a2 - 0?
5130a2
In base 10, what is 29 - 7755?
-7726
In base 6, what is -3224 + 10?
-3214
In base 2, what is 11000010101 - 111001?
10111011100
In base 8, what is 165 - 541?
-354
In base 8, what is -5 + 1122346?
1122341
In base 3, what is -11220212 - -120?
-11220022
In base 15, what is 1 + -6251?
-6250
In base 12, what is -1915 + -4?
-1919
In base 4, what is -3223203 + -1?
-3223210
In base 10, what is -717 - -1569?
852
In base 14, what is 645 - -d?
654
In base 15, what is -122a - 1?
-122b
In base 2, what is 11 - 111010011001011?
-111010011001000
In base 14, what is -509498 + -1?
-509499
In base 14, what is -1295c0 - 2?
-1295c2
In base 12, what is 62 + -82?
-20
In base 12, what is 8 + -b12?
-b06
In base 2, what is -10101011000100 + -101110?
-10101011110010
In base 13, what is 2 + 4ca024?
4ca026
In base 3, what is -1010011111 + -11?
-1010011122
In base 13, what is 1c38a5 + -2?
1c38a3
In base 5, what is -13301 + 20020?
1214
In base 8, what is -605 + -6?
-613
In base 6, what is 2204523 + 13?
2204540
In base 5, what is -3124112 - 123?
-3124240
In base 3, what is 2200111 - -2111?
2202222
In base 2, what is -11010100101011110110 - 100?
-11010100101011111010
In base 5, what is -24 - 2031330?
-2031404
In base 7, what is 1162 - -120?
1312
In base 13, what is 28 + -2c4b?
-2c23
In base 14, what is 0 + -d8?
-d8
In base 8, what is -5 + -20113?
-20120
In base 9, what is -3 - 840217?
-840221
In base 12, what is 33 - 472?
-43b
In base 4, what is 13 + 10213212?
10213231
In base 13, what is -830 + 48a?
-373
In base 5, what is 44 - -2314141?
2314240
In base 16, what is -7 + -23a83?
-23a8a
In base 7, what is 5 + -131212?
-131204
In base 5, what is 2330211 - -20?
2330231
In base 7, what is -2 + 1440322?
1440320
In base 12, what is -368 + 45a4?
4238
In base 14, what is -3 + -14308a?
-14308d
In base 12, what is 22182 + 14?
22196
In base 5, what is 1 + 41332322?
41332323
In base 11, what is 17a00a + 4?
17a013
In base 16, what is 4 + -26aa?
-26a6
In base 4, what is -10112 + 100210?
30032
In base 9, what is -3463026 + -1?
-3463027
In base 2, what is 11000001 + 1100100001?
1111100010
In base 16, what is -170e4 + 3?
-170e1
In base 6, what is 1101243 + -5?
1101234
In base 2, what is -11100000101 - -11110000?
-11000010101
In base 9, what is 35303 + 1?
35304
In base 16, what is -36ad + 4?
-36a9
In base 14, what is 58d - -5?
594
In base 4, what is 2032010 + 0?
2032010
In base 2, what is 101 - -11101101100011?
11101101101000
In base 7, what is 554 - -24300?
25154
In base 8, what is -3 + 217162?
217157
In base 12, what is -4783 + -26?
-47a9
In base 9, what is -4081165 + -2?
-4081167
In base 13, what is -5796b4 + 3?
-5796b1
In base 7, what is -35606 - -5?
-35601
In base 16, what is 434c5 + 9?
434ce
In base 3, what is 112220012 - 10001?
112210011
In base 4, what is -11310330 - 12?
-11311002
In base 2, what is 10001 - -1